site number?
True
Is 1847 prime?
True
Is 18227 a prime number?
False
Is 5969 composite?
True
Is 22853 a composite number?
False
Is 2521 prime?
True
Is 2045207 prime?
False
Is 274321 prime?
False
Is 94559 a composite number?
False
Is 1779 a prime number?
False
Is 21247 composite?
False
Is 526027 prime?
True
Is 6353 a composite number?
False
Is 48563 a prime number?
True
Is 58013 a composite number?
False
Is 19939 a composite number?
True
Is 1895 a prime number?
False
Is 14777 prime?
False
Is 15517 prime?
False
Is 27754 a composite number?
True
Is 1830113 composite?
False
Is 815891 a prime number?
True
Is 131561 a composite number?
False
Is 32603 composite?
False
Is 3721873 a prime number?
True
Is 221621 composite?
False
Is 161453 a prime number?
True
Is 22577 prime?
False
Is 655777 prime?
False
Is 2184089 a prime number?
True
Is 9641 a composite number?
True
Is 10903 prime?
True
Is 3218357 composite?
False
Is 445537 composite?
False
Is 812081 a composite number?
False
Is 12310369 composite?
False
Is 20971 a prime number?
False
Is 35687 a prime number?
False
Is 115043 a prime number?
False
Is 53617 composite?
False
Is 614 a composite number?
True
Is 436273 composite?
False
Is 517711 prime?
True
Is 63799 a prime number?
True
Is 61849 composite?
True
Is 3234785 a prime number?
False
Is 810239 a composite number?
False
Is 192187 a composite number?
False
Is 19769 prime?
False
Is 283303 a composite number?
False
Is 1259 a composite number?
False
Is 1256009 prime?
True
Is 11243 a prime number?
True
Is 673741 composite?
True
Is 2082251 a composite number?
True
Is 135021 a composite number?
True
Is 6717307 a composite number?
False
Is 175703 a composite number?
True
Is 5471 composite?
False
Is 674953 a composite number?
False
Is 528559 composite?
False
Is 2183 a composite number?
True
Is 1651 composite?
True
Is 7283 composite?
False
Is 1642 prime?
False
Is 337373 prime?
False
Is 995378 composite?
True
Is 27814 a prime number?
False
Is 933 a composite number?
True
Is 633019 a composite number?
True
Is 107573 a prime number?
False
Is 1993 a composite number?
False
Is 733 prime?
True
Is 426577 composite?
True
Is 1135 composite?
True
Is 511421 a prime number?
False
Is 58423 a composite number?
True
Is 10193 a composite number?
False
Is 505189 a prime number?
False
Is 673 prime?
True
Is 225754 composite?
True
Is 3899 prime?
False
Is 582718 prime?
False
Is 66491 a prime number?
True
Is 3989 prime?
True
Is 302671 prime?
False
Is 591377 a composite number?
False
Is 37747 composite?
False
Is 2092687 a prime number?
True
Is 508699 a composite number?
True
Is 53401 a prime number?
True
Is 3163 prime?
True
Is 125351 a prime number?
False
Is 119189 a composite number?
True
Is 26027 a prime number?
False
Is 3989 prime?
True
Is 3118265 a composite number?
True
Is 32987 prime?
True
Is 3455 composite?
True
Is 137117 a composite number?
False
Is 4674466 a composite number?
True
Is 8521 prime?
True
Is 4373 composite?
False
Is 16217 a composite number?
False
Is 172001 a prime number?
True
Is 18503 composite?
False
Is 113959 prime?
False
Is 28877 composite?
True
Is 469 a prime number?
False
Is 35515 a prime number?
False
Is 7393 a composite number?
False
Is 13241 a prime number?
True
Is 1138921 a composite number?
True
Is 499573 composite?
True
Is 16319 a composite number?
False
Is 2333 a composite number?
False
Is 1686439 prime?
True
Is 17833 composite?
True
Is 33886 a prime number?
False
Is 435907 a prime number?
True
Is 18667 prime?
False
Is 15493 a composite number?
False
Is 23053 prime?
True
Is 761093 a composite number?
True
Is 3149 composite?
True
Is 4849 composite?
True
Is 13791 a prime number?
False
Is 683 a composite number?
False
Is 15349 a composite number?
False
Is 233399 composite?
True
Is 4547 a prime number?
True
Is 1781503 a prime number?
True
Is 480287 a prime number?
True
Is 80057 prime?
False
Is 4813 prime?
True
Is 71807 composite?
False
Is 625763 a composite number?
False
Is 1337 a composite number?
True
Is 959 a composite number?
True
Is 2521 composite?
False
Is 171341 a prime number?
True
Is 34393 composite?
True
Is 13127 a composite number?
False
Is 2503 a composite number?
False
Is 51361 a composite number?
False
Is 13271 a prime number?
False
Is 2749 a prime number?
True
Is 569417 prime?
True
Is 17555 a prime number?
False
Is 35701 prime?
False
Is 552511 a prime number?
True
Is 365639 composite?
False
Is 9587 a composite number?
False
Is 15253 prime?
False
Is 134129 prime?
True
Is 71059 a prime number?
True
Is 15527 a prime number?
True
Is 284311 a prime number?
True
Is 79967 prime?
True
Is 102421 composite?
True
Is 20219 prime?
True
Is 943 a prime number?
False
Is 17783 a prime number?
True
Is 61037 composite?
True
Is 108707 composite?
False
Is 17557 a prime number?
False
Is 67603 prime?
False
Is 59933 a composite number?
True
Is 94099 a composite number?
False
Is 2411 a composite number?
False
Is 195511 a prime number?
True
Is 15401 a prime number?
True
Is 212147 composite?
True
Is 1068119 a composite number?
True
Is 377413 a composite number?
True
Is 205019 a prime number?
True
Is 73799 a composite number?
True
Is 6143 a composite number?
False
Is 9197 prime?
False
Is 115293 a composite number?
True
Is 299771 prime?
True
Is 23369 prime?
True
Is 26083 a prime number?
True
Is 381977 a composite number?
False
Is 32909 a prime number?
True
Is 31 a prime number?
True
Is 675407 composite?
False
Is 126129 composite?
True
Is 1247447 prime?
True
Is 80267 a prime number?
False
Is 244859 prime?
True
Is 34961 prime?
True
Is 8963 a composite number?
False
Is 5159437 composite?
True
Is 2761 a composite number?
True
Is 10483 a prime number?
False
Is 138173 a composite number?
True
Is 224269 prime?
False
Is 1482755 a composite number?
True
Is 1943 a prime number?
False
Is 1012619 prime?
True
Is 414013 composite?
False
Is 33851 prime?
True
Is 34403 composite?
False
Is 1399 composite?
False
Is 187507 a prime number?
True
Is 178831 prime?
True
Is 1086133 prime?
True
Is 8266 a composite number?
True
Is 540677 composite?
False
Is 951485 composite?
True
Is 167699 composite?
True
Is 703729 composite?
True
Is 1835659 prime?
False
Is 1571277 a composite number?
True
Is 430927 prime?
False
Is 147949 a prime number?
True
Is 7069 a composite number?
False
Is 165103 a composite number?
False
Is 4595 prime?
False
Is 22433 composite?
False
Is 26947 a composite number?
False
Is 28699 prime?
False
Is 119747 a composite number?
False
Is 21055 a composite number?
True
Is 99563 prime?
True
Is 455461 a prime number?
True
Is 5779 composite?
False
Is 130627 composite?
True
Is 1580353 a composite number?
True
Is 6953 a prime number?
False
Is 87847 a composite number?
True
Is 75155 prime?
False
Is 4406 composite?
True
Is 56363 composite?
True
Is 152249 prime?
True
Is 16057 a prime number?
True
Is 11665 composite?
True
Is 11497 composite?
False
Is 883651 composite?
True
Is 46381 a composite number?
False
Is 231746 a composite number?
True
Is 7003 a composite number?
True
Is 45533 a prime number?
True
Is 118571 composite?
False
Is 339 a prime number?
False
Is 71411 a composite number?
False
Is 74507 a prime number?
True
Is 8983 prime?
False
Is 17567 composite?
True
Is 28789 a composite number?
False
Is 13897 a composite number?
True
Is 359591 a prime number?
False
Is 4673 prime?
True
Is 371211 a composite number?
True
Is 12323 prime?
True
Is 66221 a prime number?
True
Is 1111 prime?
False
Is 414923 a prime number?
True
Is 2037605 composite?
True
Is 270851 prime?
False
Is 41414 composite?
True
Is 1425621 prime?
False
Is 498209 prime?
True
Is 1893361 a prime number?
True
Is 207641 a composite number?
True
Is 23251 a composite number?
False
Is 10897 a prime number?
False
Is 7321 composite?
False
Is 26447 composite?
True
Is 35341 prime?
False
Is 293701 composite?
False
Is 257429 prime?
False
Is 12151 a composite number?
True
Is 9413 a composite number?
False
Is 33703 composite?
False
Is 1543 composite?
False
Is 156785 composite?
True
Is 358373 composite?
False
Is 531689 prime?
True
Is 154927 prime?
True
Is 30029 a prime number?
True
Is 7853 a prime number?
True
Is 418259 a prime number?
True
Is 839005 a prime number?
False
Is 536974 a prime number?
False
Is 43426 a composite number?
Tr